z(-2).
4
Let j(g) = 10*g + 17. Give j(3).
47
Let d(o) = 22*o + 287. What is d(-13)?
1
Let m(q) = -q**3 - 17*q**2 - 15*q + 38. What is m(-12)?
-502
Let s(i) = i**3 - 6*i**2 - 9*i - 16. Calculate s(8).
40
Let q(u) = -u**2 + 26*u - 130. What is q(16)?
30
Let v(y) = -46*y + 897. Determine v(19).
23
Let g(y) = y**3 + 20*y**2 - 39*y - 365. What is g(-21)?
13
Let h(n) = 3*n**2 - 125*n - 216. Calculate h(40).
-416
Let b(g) = 2*g**3 + 83*g**2 + 43*g - 102. Calculate b(-41).
-184
Let r(p) = 715*p + 8583. Calculate r(-12).
3
Let l(s) = 2*s**3 + 180*s**2 + 215*s + 3314. Give l(-89).
21
Let h(a) = a**3 + 14*a**2 + 31*a + 4. What is h(-11)?
26
Let c(t) = -t**2 + 71*t - 911. Give c(54).
7
Let n(h) = 178*h - 2488. Give n(14).
4
Let u(d) = 112*d - 551. What is u(5)?
9
Let o(f) = f**2 + 18*f - 69. Determine o(-18).
-69
Let b(l) = 4*l**2 + 66*l + 27. Determine b(-19).
217
Let d(r) = 213*r**2 - 5110*r - 51. Determine d(24).
-3
Let h(w) = -w**2 - 32*w - 56. Give h(-13).
191
Let o(n) = -856*n**2 + 865*n - 1. Determine o(1).
8
Let r(s) = s**3 + 10*s**2 + 15*s + 161. Give r(-10).
11
Let g(d) = -44*d - 481. Determine g(-10).
-41
Let c(w) = -w**3 - 9*w**2 - 32*w - 130. Determine c(-5).
-70
Let g(d) = -6*d - 230. Calculate g(-56).
106
Let j(q) = q**3 - 22*q**2 + 43*q - 84. What is j(20)?
-24
Let w(l) = 11*l - 455. What is w(42)?
7
Let p(b) = 10*b - 164. Calculate p(14).
-24
Let z(g) = -105*g + 230. Calculate z(2).
20
Let n(l) = -310*l - 8680. What is n(-28)?
0
Let c(x) = x**3 + 30*x**2 + 29*x - 3. Determine c(-29).
-3
Let g(f) = -2038*f - 12227. What is g(-6)?
1
Let m(n) = -2*n**2 - 6*n + 10. Determine m(-6).
-26
Let x(v) = v**2 + 37*v + 147. What is x(-33)?
15
Let q(r) = 2*r**3 + 61*r**2 + 84*r - 120. Give q(-29).
-33
Let w(r) = -r**2 - 28*r - 179. Determine w(-18).
1
Let x(o) = 27*o**2 + 16*o - 33. What is x(3)?
258
Let z(b) = -542*b - 3674. Give z(-7).
120
Let z(s) = 6*s**2 + 102*s + 4. Calculate z(-17).
4
Let j(k) = 164*k**2 + 1174*k + 180. Determine j(-7).
-2
Let g(p) = -p**3 - 20*p**2 + 467*p + 135. Calculate g(14).
9
Let y(i) = 2*i**2 + 50*i + 195. Determine y(-5).
-5
Let i(o) = -2*o**2 - 19*o + 221. Give i(7).
-10
Let d(s) = 212*s**2 - 1471*s - 16. Calculate d(7).
75
Let g(x) = 72*x**3 + x**2 - 4*x - 4. Give g(-1).
-71
Let x(o) = -o**3 - 5*o**2 - 8*o - 35. Give x(-5).
5
Let z(t) = t**2 - 25*t + 33. Calculate z(23).
-13
Let k(c) = 322*c - 408. Give k(3).
558
Let t(s) = 2*s**2 + 161*s - 241. Give t(-82).
5
Let n(g) = -2*g**3 - 16*g**2 + 35*g + 176. Calculate n(-9).
23
Let b(m) = -45*m + 119. Calculate b(2).
29
Let k(d) = -9*d**2 + 809*d - 61. Give k(90).
-151
Let q(x) = x**2 - 6*x - 11. Give q(5).
-16
Let d(u) = 7*u**2 + u - 72. Calculate d(0).
-72
Let r(w) = -40*w + 152. Give r(20).
-648
Let h(s) = -s**3 + 31*s**2 - 22*s - 234. What is h(30)?
6
Let g(n) = -n**2 - 83*n - 233. What is g(-80)?
7
Let q(d) = 19*d + 63. Give q(-6).
-51
Let u(h) = 4*h**2 - 180*h - 1208. What is u(51)?
16
Let w(l) = l**3 - 26*l**2 - 33*l - 159. What is w(28)?
485
Let c(z) = -z**3 - 10*z**2 - 2*z - 15. What is c(-10)?
5
Let o(f) = -f**2 - 249*f - 13883. What is o(-84)?
-23
Let z(r) = -r**2 - 1940*r - 24992. What is z(-13)?
59
Let g(b) = -b**2 + 17*b + 172. What is g(-8)?
-28
Let j(x) = -20*x - 25. Determine j(-4).
55
Let s(u) = -u**3 - 35*u**2 + 152*u + 8. Give s(4).
-8
Let h(a) = -5*a**3 - 64*a**2 + 19*a + 43. Calculate h(-13).
-35
Let d(y) = -y**3 - 11*y**2 - 10*y + 4. Calculate d(-10).
4
Let h(z) = 3*z**2 - 214*z - 162. What is h(72)?
-18
Let s(f) = f**2 + 1039*f - 12618. Determine s(12).
-6
Let i(q) = -q**3 + 26*q**2 - 43*q + 1859. What is i(27)?
-31
Let f(q) = 69*q + 6854. Give f(-99).
23
Let w(b) = -2*b**2 + 4*b + 252. Calculate w(-10).
12
Let w(a) = 4*a**2 + 42*a - 1286. What is w(-24)?
10
Let o(i) = -i**2 - 75*i - 272. What is o(-70)?
78
Let k(u) = 1602*u + 49665. What is k(-31)?
3
Let o(z) = -2*z**3 - 34*z**2 - 128*z + 22. What is o(-6)?
-2
Let r(x) = -3*x**3 - 3*x**2 - 5*x + 38. What is r(4)?
-222
Let y(a) = -a**3 + 12*a**2 - 27*a - 71. What is y(9)?
-71
Let t(a) = a**3 - 8*a**2 - 25*a - 10. Give t(11).
78
Let d(m) = 4*m**2 + 18*m + 77. Calculate d(-10).
297
Let p(d) = d**3 - 22*d**2 + 33*d - 50. Give p(21).
202
Let j(d) = -d**2 + d + 31. What is j(6)?
1
Let a(i) = -i**3 - 13*i**2 + i + 6. Calculate a(-13).
-7
Let c(g) = -g**2 + 214*g - 8563. Calculate c(54).
77
Let b(s) = -2301*s - 9183. Give b(-4).
21
Let v(z) = -96*z - 186. Calculate v(3).
-474
Let a(h) = h**3 - 16*h**2 - 35*h + 558. Calculate a(16).
-2
Let x(t) = t**3 + 280*t**2 + 833*t - 4. Give x(-3).
-10
Let l(v) = 23*v + 702. What is l(-36)?
-126
Let f(l) = -39*l - 1678. Calculate f(-43).
-1
Let s(f) = 43*f**2 - 39*f - 120. Determine s(-4).
724
Let u(a) = a**3 + 5*a**2 - 11*a + 5. Calculate u(1).
0
Let q(l) = -9*l**2 + 468*l + 20. What is q(52)?
20
Let u(n) = -n**2 - 9*n + 265. Calculate u(13).
-21
Let a(j) = 82*j - 1750. Give a(21).
-28
Let y(o) = -26*o**3 + 10*o**2 - 23*o - 60. Give y(-2).
234
Let j(w) = 13*w**3 + 4*w**2 + 1. What is j(3)?
388
Let s(r) = r**3 - 12*r**2 + 31*r + 1. Determine s(8).
-7
Let m(k) = 1594*k - 31886. Determine m(20).
-6
Let r(o) = -327*o**2 + 34*o + 33. Give r(-1).
-328
Let j(v) = -410*v - 2877. What is j(-7)?
-7
Let a(t) = 5*t**2 - 1769*t - 3917. Determine a(356).
-1
Let l(b) = -224*b - 11205. Calculate l(-50).
-5
Let b(v) = 27*v - 244. Determine b(19).
269
Let y(i) = i**3 + 118*i**2 + 877*i - 318. Determine y(-110).
12
Let n(s) = -169*s + 4. Give n(0).
4
Let v(g) = -64*g + 4164. What is v(65)?
4
Let x(f) = f**3 + 32*f**2 - 2*f - 63. What is x(-32)?
1
Let y(r) = 2*r**2 - 104*r - 943. Give y(-8).
17
Let o(y) = -3*y**3 - 10*y**2 + 3*y - 3. Give o(-3).
-21
Let v(j) = -3*j**3 - 6*j**2 + 70*j + 17. What is v(-6)?
29
Let u(r) = r**3 + 7*r**2 - 100*r + 14. Give u(7).
0
Let c(l) = l**3 - 189*l**2 + 926*l - 1096. Calculate c(184).
8
Let m(o) = -o**3 + 3*o**2 - 45*o + 216. Determine m(5).
-59
Let v(n) = n**3 - n**2 - 4*n + 81. What is v(0)?
81
Let z(t) = 2*t**3 - 23*t**2 - 57*t + 262. Calculate z(11).
-486
Let z(g) = 6*g**2 + 98*g - 3017. Give z(-32).
-9
Let o(t) = -3*t**3 + 210*t**2 + t - 16. Give o(70).
54
Let q(z) = -3*z**3 + 16*z**2 - 30*z + 1. Calculate q(5).
-124
Let s(q) = -q**3 - 14*q**2 + 16*q - 29. Determine s(-14).
-253
Let x(t) = -266*t**2 + 1312*t + 76. Determine x(5).
-14
Let r(a) = -8*a**3 + 50*a**2 - 12*a + 21. Calculate r(6).
21
Let t(i) = 3*i**3 + 19*i**2 + 6*i - 19. Give t(-6).
-19
Let y(l) = l**2 - 193*l + 2836. Give y(16).
4
Let g(y) = -y**3 - 15*y**2 - 37*y - 533. Give g(-17).
674
Let v(l) = 128*l + 9344. Give v(-73).
0
Let f(u) = -29*u - 1276. Give f(-44).
0
Let l(g) = -g**2 - 66*g - 813. Give l(-23).
176
Let m(d) = -10*d**2 - 37*d + 113. Give m(-7).
-118
Let z(i) = -28*i + 107. Give z(6).
-61
Let a(z) = -10*z**2 - 112*z - 52. Calculate a(-11).
-30
Let r(p) = 2*p**3 - 22*p**2 - 53*p + 5. Calculate r(13).
-8
Let q(x) = -57*x + 566. Determine q(10).
-4
Let w(p) = -46*p**2 + 1198*p - 40. Calculate w(26).
12
Let z(y) = -y**3 - 18*y**2 + 56*y - 164. Calculate z(-21).
-17
Let b(j) = -3*j**2 - 2244*j - 6729. Calculate b(-3).
-24
Let r(o) = -o**2 - 82*o + 1035. Give r(11).
12
Let h(a) = -226*a**2 + 227*a + 1. Determine h(1).
2
Let k(y) = 702*y - 11934. Determine k(17).
0
Let b(q) = 250*q + 10247. Calculate b(-41).
-3
Let d(g) = 128*g - 5377. Calculate d(42).
-1
Let w(z) = 88*z + 8286. What is w(-94)?
14
Let b(l) = -2481*l - 9914. Calculate b(-4).
10
Let l(r) = 8*r - 187. Give l(22).
-11
Let w(z) = -18*z - 259. What is w(-18)?
65
Let p(k) = 35*k - 3515. Give p(109).
300
Let b(i) = 27*i + 118. Determine b(-5).
-17
Let q(n) = 1445*n + 5760. What is q(-4)?
-20
Let f(m) = m**3 + 363*m**2 - 19269*m - 38. Determine f(47).
9
Let g(d) = 8*d - 66. Determine g(12).
30
Let a(h) = -5*h - 11. What is a(-11)?
44
Let c(a) = 15*a**3 + 135*a**2 - 40*a - 376. Give c(-9).
-16
Let g(w) = -2*w**3 - 41*w**2 - 30*w + 37. What is g(-20)?
237
Let l(h) = -h**2 - 573*h + 1732. Give l(3).
4
Let h(p) = 2*p**2 + 122*p + 1026. Determine h(-51).
6
Let n(h) = h**3 + 8*h**2 - 12*h - 190. Give n(-6).
-46
Let i(v) = -v**2 + 49*v + 3110. Give i(86).
-72
Let m(a) = -110*a + 578. What is m(5)?
28
Let i(d) = -7*d**2 + 78*d + 348. What is i(15)?
-57
Let a(x) = -2*x**2 + 260*x - 1493. Calculate a(6).
-5
Let c(n) = -3144*n + 